
11010
In base 10, what is 104 + -4?
100
In base 5, what is -3 + 42?
34
In base 12, what is 633 + -a?
625
In base 11, what is 66 - 5?
61
In base 12, what is 0 - -302?
302
In base 2, what is -1001000 + -11?
-1001011
In base 12, what is -b - -121?
112
In base 13, what is -1aa + -1?
-1ab
In base 8, what is 3 + 61?
64
In base 5, what is -3 + -1102?
-1110
In base 16, what is -4 + -129?
-12d
In base 8, what is 5 + -117?
-112
In base 6, what is 40 - -12?
52
In base 3, what is 22122210 + 11?
22122221
In base 2, what is 100000 - -100?
100100
In base 5, what is 10 - -33131?
33141
In base 15, what is 153 + 5?
158
In base 14, what is 3 + -1?
2
In base 3, what is -111101 - -1010?
-110021
In base 11, what is 3 + 44?
47
In base 14, what is -c + 1?
-b
In base 2, what is -11110 + 111?
-10111
In base 13, what is 3 + -aa1?
-a9b
In base 3, what is 11 + -12122012?
-12122001
In base 11, what is -218 - 13?
-230
In base 4, what is -1002001 + 3?
-1001332
In base 12, what is 3 - -995?
998
In base 10, what is -31219 - -2?
-31217
In base 3, what is 212 + -2?
210
In base 13, what is -34 - 1?
-35
In base 14, what is -45 - 21c?
-263
In base 11, what is -3 - 4464?
-4467
In base 11, what is 1132 + -2?
1130
In base 7, what is -215 - -50?
-135
In base 6, what is 10 - -34?
44
In base 16, what is -1 + 9a?
99
In base 14, what is 2 - -367?
369
In base 7, what is 112 - -3?
115
In base 11, what is 13 + 7?
1a
In base 15, what is -23 + 5?
-1d
In base 14, what is -2 - 266?
-268
In base 4, what is -10 + -121?
-131
In base 9, what is 21 + 5?
26
In base 5, what is -212 - 0?
-212
In base 14, what is 1083 + -4?
107d
In base 6, what is 0 - -45430?
45430
In base 13, what is 1 - 7?
-6
In base 8, what is -10 + -56?
-66
In base 2, what is -1101010111 + 1?
-1101010110
In base 10, what is 23 + 1?
24
In base 15, what is -11 + 2e?
1d
In base 14, what is -20 + 6?
-18
In base 12, what is 2 + 166?
168
In base 5, what is 42 + -232?
-140
In base 3, what is -212 - -12?
-200
In base 9, what is 43 + -6?
36
In base 3, what is -12010220 - -10?
-12010210
In base 15, what is a1 - 6?
9a
In base 3, what is -111 + -12201?
-20012
In base 7, what is -4 - -3533?
3526
In base 2, what is -10010011000 + -110?
-10010011110
In base 4, what is 133123 + -1?
133122
In base 12, what is 6 + -119?
-113
In base 12, what is 3 - -48?
4b
In base 3, what is 100010202 + 0?
100010202
In base 13, what is -5 + 3b6?
3b1
In base 15, what is c5 + 0?
c5
In base 5, what is -14 - -1022?
1003
In base 7, what is 12 + -43?
-31
In base 14, what is 67 + 25?
8c
In base 15, what is 66 + -8?
5d
In base 14, what is 18 + -21?
-7
In base 16, what is f9 - -5?
fe
In base 10, what is -5 - -1319?
1314
In base 11, what is 527 - 5?
522
In base 3, what is 2012 - 221?
1021
In base 15, what is -a5e + -4?
-a63
In base 9, what is -12 + 25?
13
In base 8, what is 1403 + 54?
1457
In base 10, what is 1 - 1729?
-1728
In base 13, what is 1 - -c?
10
In base 3, what is 11220 - -21?
12011
In base 7, what is 34 + -114?
-50
In base 14, what is -3 - 76?
-79
In base 3, what is 2001021 - -10?
2001101
In base 11, what is 8 + -117?
-10a
In base 15, what is 0 + -ab9?
-ab9
In base 16, what is -1f + -7?
-26
In base 5, what is 2 - 4104?
-4102
In base 4, what is -10 - -13000?
12330
In base 2, what is -111 + 1000?
1
In base 13, what is -3 - -3387?
3384
In base 15, what is -2199 + -2?
-219b
In base 7, what is 4 - 516?
-512
In base 15, what is -37 - -2?
-35
In base 15, what is -3b8 + -5?
-3bd
In base 13, what is 476 + b?
484
In base 12, what is -4 - -15a7?
15a3
In base 7, what is 111 + 11?
122
In base 11, what is 5 + 132?
137
In base 3, what is -1002220 + 10?
-1002210
In base 15, what is -4 - -318b?
3187
In base 13, what is 7 - -8a7?
8b1
In base 6, what is -20 + 11?
-5
In base 6, what is -5443 + -4?
-5451
In base 3, what is 1 + 10010?
10011
In base 3, what is -1021 - 0?
-1021
In base 3, what is 121 + 1001120?
1002011
In base 3, what is 2 + -122222?
-122220
In base 7, what is -11 + -16?
-30
In base 7, what is -1 + -102?
-103
In base 5, what is 1424 + -1031?
343
In base 5, what is -14 + 11101?
11032
In base 11, what is 3 + 2a8?
300
In base 9, what is -145 - 5?
-151
In base 10, what is 22 - 20?
2
In base 12, what is 13 + 1aa?
201
In base 12, what is -467 + -9?
-474
In base 15, what is -2 - -a71?
a6e
In base 13, what is 2 - 10?
-b
In base 8, what is -34 + -66?
-122
In base 2, what is -10000 + 101111011?
101101011
In base 12, what is 287 + 5?
290
In base 11, what is -8 + 920?
913
In base 5, what is -1314 + -4?
-1323
In base 10, what is 0 - -18?
18
In base 16, what is -2 + -6?
-8
In base 7, what is -2 - -10?
5
In base 3, what is -2000 + -10?
-2010
In base 3, what is -2101001 - 12?
-2101020
In base 7, what is 6 + 5?
14
In base 16, what is -5 + 1b?
16
In base 10, what is -6 + 50?
44
In base 3, what is 10 - -2?
12
In base 4, what is 2 + 231?
233
In base 8, what is -5 - -7?
2
In base 12, what is -4 + 73?
6b
In base 2, what is 11100110001101 - 1?
11100110001100
In base 12, what is 1 - b1?
-b0
In base 7, what is -50 - -5?
-42
In base 7, what is 5 - -21?
26
In base 16, what is -5b4 - 5?
-5b9
In base 2, what is 1111100 + 100?
10000000
In base 8, what is -357 + -5?
-364
In base 8, what is -364 - 5?
-371
In base 11, what is -267 + 2?
-265
In base 9, what is -5 - 4247?
-4253
In base 8, what is 134 + -4?
130
In base 9, what is 24724 + -3?
24721
In base 9, what is -4327 + -1?
-4328
In base 15, what is -a0 - 6?
-a6
In base 13, what is 3 - 54?
-51
In base 5, what is 143 - 42?
101
In base 4, what is -300 + -20?
-320
In base 6, what is -2350 - -5?
-2341
In base 10, what is 3 - -219?
222
In base 6, what is 11 + 131?
142
In base 8, what is -40 + 10?
-30
In base 14, what is 17 - 5b?
-44
In base 9, what is -175 + 2?
-173
In base 15, what is -4 + -27?
-2b
In base 4, what is 200 - -11?
211
In base 9, what is -31 - -156?
125
In base 8, what is 13 - 2?
11
In base 5, what is -22002 + 4?
-21443
In base 16, what is -128 - 4?
-12c
In base 5, what is 2 - 201434?
-201432
In base 9, what is -2000 - -2?
-1887
In base 5, what is 0 - -101414?
101414
In base 7, what is -5 + 21246?
21241
In base 10, what is 8 + -179?
-171
In base 11, what is 15 - 8?
8
In base 5, what is 10 + 112?
122
In base 9, what is -15 - -1245?
1230
In base 5, what is -11 + -13234?
-13300
In base 4, what is 200120 + 11?
200131
In base 8, what is 4 - -251?
255
In base 12, what is -8 - -200?
1b4
In base 4, what is -31 + -1330?
-2021
In base 6, what is -231222 + 0?
-231222
In base 12, what is 5 - -a9?
b2
In base 7, what is -665 - 5?
-1003
In base 9, what is 28 + -162?
-133
In base 15, what is 8b6 + -1?
8b5
In base 10, what is 1164 + 0?
1164
In base 4, what is -1 - -323?
322
In base 12, what is 3 + -2?
1
In base 14, what is -150 - -2?
-14c
In base 7, what is 6 - 226?
-220
In base 12, what is 4 - -1870?
1874
In base 4, what is 12 + -131?
-113
In base 6, what is 334 + -1?
333
In base 6, what is -214204 - 3?
-214211
In base 14, what is d - 3d?
-30
In base 5, what is -103321 - -1?
-103320
In base 3, what is -1122112 - 12?
-1122201
In base 10, what is 353 - -9?
362
In base 16, what is 85 - 5?
80
In base 16, what is -1 - -57f?
57e
In base 8, what is -175 + -31?
-226
In base 5, what is 14 + -12?
2
In base 14, what is 1 + 397?
398
In base 11, what is 3 - 430?
-428
In base 14, what is -4 + -4bd?
-4c3
In base 6, what is 0 + -3432?
-3432
In base 11, what is 14 + 4?
18
In base 10, what is -37 + -2?
-39
In base 3, what is 10 + -102000?
-101220
In base 8, what is 206 + -105?
101
In base 11, what is -87 + -75?
-151
In base 5, what is -2 - 440?
-442
In base 11, what is -2303 + 0?
-2303
In base 8, what is -72 + -3?
-75
In base 13, what is -15 - -7?
-b
In base 15, what is -4 - 2e?
-33
In base 13, what is -a - -4b5?
4a8
In base 11, what is 6 + 2a?
35
In base 9, what is 1026 + 2?
1028
In base 6, what is -1 + -4025?
-4030
In base 9, what is -5 + -617?
-623
In base 4, what is 23 + 0?
23
In base 9, what is 6 + -54?
-47
In base 8, what is -5 + -20354?
-20361
In base 5, what is -4 + -22?
-31
In base 5, what is -10 + -312?
-322
In base 6, what is -2 + 114?
112
In base 11, what is 57 - -63?
10a
In base 2, what is -1 + 100110000011?
100110000010
In base 8, what is 4 - 150?
-144
In base 9, what is -105 + 0?
-105
In base 11, what is -1 + -24a?
-250
In base 7, what is -52 + 0?
-52
In base 